 f(t). Let a be 0 + 42*2/39 - 394/2561. What is u(a)?
-1
Suppose 2*f = -16*f + 72. Suppose -3*x = -2*x. Suppose -4*n - f + x = 0. Let j(m) = 7*m - 1. What is j(n)?
-8
Let f(l) be the third derivative of -l**4/24 - l**2 - 92*l. Give f(-1).
1
Let u(p) = -7*p**3 - 3*p**2 - 22*p - 9. Let x(d) = -13*d**3 - 7*d**2 - 42*d - 19. Let i(h) = 11*u(h) - 6*x(h). Determine i(-8).
-1
Let w(h) = 45*h**3 + 36*h**3 - 80*h**3 - h - 6*h**2. Give w(5).
-30
Let t(w) = -w + 20. Let m be t(17). Let j(q) = 18*q**2 - 6*q + q - q**m - 25*q**2. Let b be (-29)/5 - (-16)/(-80). Give j(b).
-6
Let v(p) = p**3 - 7*p**2 + 5*p + 7. Let r(n) = n**3 - 5*n**2 - 7*n + 12. Let u(s) = s + 1. Let f be u(5). Let l be r(f). Determine v(l).
1
Let i(h) = -h**2 - 2*h + 6. Suppose 3*t - 4*n + 13 = 0, 5*t + n + 29 = 4*n. Determine i(t).
-29
Let m(w) = -16*w - 54*w**2 - 19 + 19*w**2 + 13*w**2 + 23*w**2. Calculate m(17).
-2
Let g(z) = 3*z + 6. Let k = 13 - -32. Let v = k + -27. Let o = 13 - v. What is g(o)?
-9
Let a(b) = b**2 + 6*b + 4. Suppose q + 30 = y, -2*q = -y + 24 + 11. Suppose -39 = -4*n + y. Let w be (-2)/(n/6 - 2). What is a(w)?
-5
Let k(y) be the second derivative of y**3/3 + 5*y**2 - 57*y - 1. Give k(-6).
-2
Let l(g) = -9*g - 14. Let d be l(-2). Let y(w) = 27*w**3 + 5*w**2 + d*w - w - 5 + 0 - 26*w**3. Calculate y(-4).
-1
Let b(p) be the first derivative of -p**4/2 - 4*p**3/3 - 3*p**2/2 - 2*p + 12. Calculate b(-2).
4
Let c(r) be the third derivative of 0*r + 1/720*r**6 - r**2 + 0 + 0*r**3 - 7/120*r**5 + 1/24*r**4. Let x(y) be the second derivative of c(y). What is x(0)?
-7
Let x(m) = -6*m**3 - 7*m**2 + m - 7. Let t(q) = 4*q**3 + 3*q**2 + 4. Let j(u) = -u**3 - 1. Let a(s) = j(s) + t(s). Let z(n) = 5*a(n) + 2*x(n). Give z(-1).
-3
Let c(u) = -3*u**3 - 1. Let v = 238 + -239. What is c(v)?
2
Suppose -3*o = 11*o - 70. Let z(n) = -n**2 + 2*n + 12. Determine z(o).
-3
Suppose 6*x + 3 = x - c, -5*x - 6 = 2*c. Let o(j) = -1. Let p(b) = -b - 2. Let y(k) = -o(k) + p(k). Determine y(x).
-1
Let g be 30/18*(-12)/(-10). Let n = 4 - g. Let x(w) = w**3 + 0*w - 2*w**2 + 4 - 4*w**n - w + w**2. Calculate x(5).
-1
Let n(u) be the third derivative of -u**6/60 + u**4/24 - 136*u**2. What is n(1)?
-1
Let s = 37 - 33. Let d(q) = -2*q**2 - s*q - 4*q**2 + 5*q**3 - 4*q**3 + 8. Give d(6).
-16
Let b be (-10)/12*(6 - 12). Let v = 0 - 0. Let f(h) = -h + 2 + 0*h + v*h. Calculate f(b).
-3
Let p be ((-5)/2)/(6/60). Let k = 23 + p. Let x(i) = 2*i + 3. Determine x(k).
-1
Let h(y) be the third derivative of -y**4/24 + 4*y**3/3 - 8*y**2 - 4*y. Determine h(8).
0
Suppose 6*r = -2*r. Let a(b) = b**3 - b**2 + 2*b - 13. Determine a(r).
-13
Let p(w) = 2*w**3 - 13*w**2 - 14*w + 45. Let i be p(7). Let l(d) = d**3 + 4*d**2 + 2*d - 2. Calculate l(i).
-10
Let g(c) be the third derivative of 0*c - 7*c**2 + 2/3*c**3 + 0 - 1/60*c**5 - 1/12*c**4. Determine g(-4).
-4
Let s(t) be the second derivative of t**7/2520 - t**6/144 + t**5/120 - t**4/6 + t. Let c(a) be the third derivative of s(a). What is c(5)?
1
Let u = -3 - -4. Let b be (-40)/(-360) - (-52)/18. Let a(d) = -u + 0 - 3 + 3*d + b. Determine a(3).
8
Let u(q) = -q**2 - 3*q - 2. Let n be u(-3). Let a be -12*2*2/(-8). Let h(w) = 2 + 1 - 6 - a*w. Give h(n).
9
Let o(h) = -2*h**3 + 16*h**2 + 5. Let g be o(8). Suppose 4*s - 2*v + v - 1 = 0, -g*v = 4*s + 29. Let p(r) = -7*r**2 - 2*r - 1. Calculate p(s).
-6
Let g(y) = -y**2 - 2. Let m = 21 + -22. Let p = 1 - m. Determine g(p).
-6
Let b(y) = -4*y + 18 + 3*y + 1. Determine b(0).
19
Let h(y) be the second derivative of -y**3/6 - 2*y**2 + 218*y. What is h(-15)?
11
Let x(j) = 5*j**2 + 4*j + 5. Let g(m) = -m**2 + m. Let c(a) = 4*g(a) + x(a). What is c(-5)?
-10
Let h(s) be the second derivative of -s**3/3 - 5*s**2/2 - 37*s. Give h(-6).
7
Let y(z) = 4*z + 2. Let l(g) = 5*g + 1. Let f(b) = -3*l(b) + 4*y(b). Let p be f(-11). Let k(o) = -o + o + o + 8. Determine k(p).
2
Let z(m) = -4*m**3. Let f(k) = 23*k**3 - 5*k**2 + 4*k - 3. Let p(l) = -f(l) - 6*z(l). Give p(-5).
23
Let r be (-96)/(-44) + 2/(-11). Let g = 4 - r. Let h(o) = 3*o + o**3 - 5*o**g - 4 + 4. Determine h(3).
-9
Let a(i) = -4*i**2 - 4*i + 2. Let n(l) = -3*l**2 - 3*l + 2. Let c(g) = -g**3 + 8*g**2 + 9*g + 5. Let r be c(9). Let f(h) = r*n(h) - 4*a(h). Give f(0).
2
Let k(n) = -13*n + 4 - 21*n - 11*n + 63*n - 21*n. Let t(d) = d**2 + 5*d - 1. Let c be t(-6). Let x(b) = b**2 - 7*b + 7. Let i be x(c). What is k(i)?
13
Let u(h) be the third derivative of h**5/30 - h**4/12 - h**3/6 + 3*h**2. Let b(g) = 36*g - 145. Let m be b(4). Give u(m).
3
Suppose 7 - 111 = -13*h. Let j(p) = 2*p - 27. Determine j(h).
-11
Let f = 42 + -38. Let n(x) = -7*x**2 - 2*x + 10. Let a(l) = l**2 + l - 1. Let j(h) = 6*a(h) + n(h). Determine j(f).
4
Let a(z) be the second derivative of 5*z**3/6 - z**2/2 + 94*z. Determine a(2).
9
Let d be -2*(-5)/(-2)*-1. Let q(z) = -3*z**3 - 10*z**2 - 2*z + 4. Let h(i) = 2*i**3 + 5*i**2 + i - 1. Let k(t) = 5*h(t) + 3*q(t). Determine k(d).
2
Let q(m) be the first derivative of m**4/4 - 3*m**3 - 11*m**2/2 + 14*m + 172. Give q(10).
4
Let s = -15 + 30. Let c be s/(-6)*12/(-10). Let h(p) = -p**3 + 2*p**2 + 2*p - 2. Let f(r) = 1. Let o(z) = 2*f(z) - h(z). What is o(c)?
7
Let w(t) = t + 1. Let x be w(7). Let z(q) = -7*q**2 - q**3 - 6*q + 0*q**3 - x + 13*q + 2*q**3. Let f = -114 - -120. What is z(f)?
-2
Let a(z) be the first derivative of z**2/2 - 19*z - 116. Determine a(12).
-7
Let j(v) = v**2 + 2*v. Suppose f - 9 = 4*y, -3*y = -f + 9 - 3. Calculate j(f).
3
Suppose -5*k - 13 = w, -w = 3*k + 3 + 6. Let m = -2 + w. Let p(a) = -a + 7. Let o(y) = y - 6. Let v(q) = m*p(q) - 6*o(q). Determine v(2).
-1
Let z(d) = -9*d - 2. Let a(o) = -4*o + 1. Let f(u) = -a(u) + z(u). What is f(5)?
-28
Let d = -13 + 16. Let p(y) = 5*y**2 - 5*y**d + 5*y**3 - 3*y**3 + 2*y**3 + 3 - 5*y. Let g = 17 + -14. Give p(g).
6
Let p = -76 - -80. Suppose -p*v - 20 = 0, -2*f = v + v. Let o(t) be the third derivative of t**4/12 - t**3/2 + t**2. What is o(f)?
7
Let p(m) = -m**2 + 11*m - 3. Let l be (-81 - -87) + (-2)/(-1). What is p(l)?
21
Let c(n) = 4*n - 6. Let f = 1351 - 1351. Calculate c(f).
-6
Suppose 12 = -5*d + 3*n, 0*d + d + 5*n - 20 = 0. Let g(w) = 6 + w - 3*w + d*w. Let s be -2 - -5 - 3 - -4. Determine g(s).
-2
Let d(p) = -p**3 + 7*p**2 - 4*p - 26. Let o(w) = -6*w**3 + 34*w**2 - 20*w - 129. Let h(k) = -11*d(k) + 2*o(k). Calculate h(-9).
-8
Let o be 1 + ((-56)/40 - 8/(-20)). Let w(i) be the third derivative of 0*i - 1/60*i**5 - 6*i**2 + o - 1/3*i**4 - 1/3*i**3. What is w(-3)?
13
Let t(o) = 13*o + 30. Let q(i) = -6*i - 14. Let d(v) = -9*q(v) - 4*t(v). What is d(0)?
6
Suppose 4*s + 2*y = 20, 2*s - y + 5 - 7 = 0. Let w(l) be the second derivative of 1/6*l**4 + 0 + 1/3*l**3 - 1/20*l**5 - 5*l - 2*l**2. Determine w(s).
-7
Let i(d) be the second derivative of -19*d - 1/3*d**3 - 3/2*d**2 + 0. Give i(-4).
5
Let r(u) = -u**2 - 12*u + 1. Let g(l) = -3*l**2 + 4*l + 26. Let s be g(-3). Determine r(s).
-12
Let j = 63 - 60. Let m(c) = -2*c**2 + 1 - 9*c**2 + 6*c**2 - c**j. Give m(-5).
1
Let j(q) = 16*q + 4 - 19*q + 9 - 3 - q**2 + 9*q. Give j(7).
3
Suppose 3*x - 74 = -4*i + 21, -5*x + 3*i = -110. Suppose -4*u = 3*a - 28, 3*u + 5*a = -4 + x. Let d(q) = -4 - u*q + 14*q - 6*q. Determine d(3).
-1
Let s(i) = -i**2 + 15*i + 9. Let p be s(16). Let u(q) = q**3 + 7*q**2 - 5*q - 4. Calculate u(p).
31
Let o(g) = g**2 + 11*g + 14. Let l be o(-10). Let z(d) = -2*d - 1 - 3*d + l*d - 1. Let n(p) = p**2 + 6*p - 7. Let y be n(-6). Calculate z(y).
5
Suppose 5*m - 5*q + 50 = 0, -3*m - m - 5*q - 22 = 0. Let g = -10 - m. Let d be 0/(-2 + -1 - g). Let i(u) = -u**2 + u - 3. Give i(d).
-3
Let r(q) = 3*q**2 - q - 2. Let x be 1/(-4*(-9)/72). Determine r(x).
8
Let b(h) = -2*h + 3. Let j(o) be the second derivative of o**3/2 - 2*o**2 - o. Suppose -4*q - 9 = -25. Let v(m) = q*b(m) + 3*j(m). What is v(1)?
1
Suppose 48*n + 0 = -96. Let j(s) = -4*s**2 - s + 2. What is j(n)?
-12
Let v(b) = -7*b + 2*b + 1 + 7*b - b**2 - 3*b. What is v(-4)?
-11
Suppose 46 = b + b. Let c = b - 18. Suppose 2*a - 1 = p - 0, 2*p - 7 = -c*a. Let v(j) = -j**3 + j**2 - j. Calculate v(a).
-1
Let d(c) be the third derivative of -c**4/24 + 129*c**2. Suppose -g + 12 = -5*g. Determine d(g).
3
Let j(l) = -4*l**2 + 21*l + 35. Let c be j(6). Let f(r) = -r**3 + 18*r**2 - 17*r + 2. What is f(c)?
2
Suppose 0*n - t